of 7?
False
Is 2 a factor of 710?
True
Is 1127 a multiple of 7?
True
Does 18 divide 79?
False
Is 10 a factor of 3050?
True
Is 1703 a multiple of 16?
False
Does 11 divide 19618?
False
Does 29 divide 2162?
False
Is 9765 a multiple of 31?
True
Is 11 a factor of 145?
False
Does 63 divide 3169?
False
Is 68056 a multiple of 188?
True
Is 80 a factor of 1760?
True
Is 579 a multiple of 87?
False
Is 53 a factor of 220?
False
Is 12 a factor of 3216?
True
Is 97835 a multiple of 17?
True
Does 8 divide 87?
False
Does 22 divide 358?
False
Is 10374 a multiple of 91?
True
Is 9 a factor of 2944?
False
Is 10 a factor of 610?
True
Does 42 divide 9893?
False
Is 9769 a multiple of 9?
False
Does 36 divide 31822?
False
Is 6 a factor of 1715?
False
Is 10080 a multiple of 160?
True
Is 4 a factor of 48?
True
Does 16 divide 6320?
True
Does 63 divide 6538?
False
Does 116 divide 2101?
False
Is 217 a multiple of 15?
False
Is 107 a factor of 1926?
True
Is 11 a factor of 193?
False
Is 23 a factor of 2737?
True
Is 11208 a multiple of 12?
True
Does 16 divide 2976?
True
Is 21 a factor of 4998?
True
Is 13 a factor of 11426?
False
Is 77616 a multiple of 11?
True
Is 1001 a multiple of 91?
True
Is 16 a factor of 1968?
True
Does 10 divide 37765?
False
Is 4007 a multiple of 8?
False
Is 1830 a multiple of 14?
False
Does 18 divide 2868?
False
Is 783 a multiple of 22?
False
Is 26 a factor of 13884?
True
Is 47 a factor of 4653?
True
Does 5 divide 8448?
False
Is 43 a factor of 2795?
True
Is 714 a multiple of 21?
True
Is 8 a factor of 3893?
False
Is 39 a factor of 1092?
True
Is 12 a factor of 420?
True
Is 14 a factor of 266?
True
Is 38 a factor of 1162?
False
Is 6457 a multiple of 20?
False
Is 4 a factor of 321?
False
Does 19 divide 10468?
False
Is 768 a multiple of 32?
True
Is 2359 a multiple of 27?
False
Is 13 a factor of 1261?
True
Does 20 divide 13460?
True
Does 9 divide 261?
True
Does 11 divide 1309?
True
Is 26829 a multiple of 17?
False
Does 97 divide 1746?
True
Is 8 a factor of 32?
True
Is 16 a factor of 30561?
False
Does 210 divide 14910?
True
Is 337 a multiple of 11?
False
Is 53 a multiple of 9?
False
Is 9786 a multiple of 7?
True
Does 118 divide 1644?
False
Does 15 divide 2820?
True
Is 8910 a multiple of 30?
True
Is 177 a multiple of 69?
False
Does 25 divide 39950?
True
Is 20224 a multiple of 128?
True
Is 1536 a multiple of 56?
False
Is 8 a factor of 5093?
False
Does 30 divide 1320?
True
Is 126201 a multiple of 31?
True
Is 21 a factor of 58906?
False
Does 40 divide 120?
True
Does 3 divide 81?
True
Is 155 a factor of 4340?
True
Does 11 divide 37180?
True
Is 3 a factor of 145?
False
Does 3 divide 57?
True
Is 9 a factor of 258?
False
Is 65 a factor of 26130?
True
Is 13 a factor of 9300?
False
Is 35997 a multiple of 169?
True
Is 6 a factor of 4530?
True
Is 1431 a multiple of 74?
False
Is 1508 a multiple of 58?
True
Does 13 divide 408?
False
Is 28 a factor of 9744?
True
Is 15 a factor of 8115?
True
Does 12 divide 98195?
False
Is 52 a factor of 15652?
True
Is 64 a factor of 3196?
False
Is 2 a factor of 429?
False
Is 15 a factor of 503?
False
Does 40 divide 720?
True
Does 100 divide 8592?
False
Is 11187 a multiple of 33?
True
Is 48 a factor of 8787?
False
Is 4680 a multiple of 60?
True
Is 16 a factor of 11661?
False
Does 6 divide 21840?
True
Does 19 divide 2403?
False
Does 25 divide 58278?
False
Does 36 divide 19854?
False
Is 15 a factor of 135?
True
Is 5527 a multiple of 11?
False
Does 18 divide 108748?
False
Is 588 a multiple of 14?
True
Is 12 a factor of 18275?
False
Is 20 a factor of 1152?
False
Is 364 a multiple of 25?
False
Is 9711 a multiple of 249?
True
Does 2 divide 63?
False
Is 5605 a multiple of 19?
True
Is 4306 a multiple of 168?
False
Is 2862 a multiple of 43?
False
Does 9 divide 472?
False
Is 21 a factor of 14641?
False
Is 155 a factor of 6838?
False
Is 16 a factor of 1120?
True
Is 23174 a multiple of 19?
False
Is 5066 a multiple of 77?
False
Is 15 a factor of 3470?
False
Is 1011 a multiple of 9?
False
Does 72 divide 5256?
True
Does 22 divide 72314?
True
Is 1284 a multiple of 23?
False
Is 12 a factor of 312?
True
Is 935 a multiple of 43?
False
Is 497 a multiple of 13?
False
Does 155 divide 4495?
True
Is 6 a factor of 54?
True
Is 26 a factor of 1248?
True
Is 31 a factor of 9424?
True
Is 15 a factor of 48883?
False
Is 13 a factor of 8840?
True
Does 21 divide 10143?
True
Is 1345 a multiple of 3?
False
Is 6271 a multiple of 3?
False
Is 182 a factor of 51212?
False
Is 19 a factor of 2458?
False
Is 52 a factor of 120235?
False
Is 5433 a multiple of 91?
False
Is 3127 a multiple of 73?
False
Does 17 divide 218?
False
Is 847 a multiple of 11?
True
Is 245 a multiple of 11?
False
Is 34613 a multiple of 17?
False
Is 26 a factor of 1426?
False
Is 10 a factor of 2790?
True
Does 50 divide 94?
False
Does 89 divide 1246?
True
Does 8 divide 248?
True
Does 36 divide 20122?
False
Is 22 a factor of 7084?
True
Does 20 divide 1520?
True
Is 27 a factor of 558?
False
Is 8399 a multiple of 14?
False
Is 23 a factor of 601?
False
Is 146 a multiple of 13?
False
Is 27808 a multiple of 36?
False
Is 2 a factor of 219?
False
Does 67 divide 668?
False
Is 33 a factor of 14060?
False
Is 738 a multiple of 6?
True
Is 5 a factor of 1045?
True
Is 6824 a multiple of 8?
True
Is 360 a multiple of 60?
True
Does 12 divide 162987?
False
Is 118731 a multiple of 19?
True
Does 33 divide 792?
True
Does 16 divide 484?
False
Does 205 divide 19491?
False
Is 43 a factor of 1973?
False
Is 22 a factor of 1561?
False
Is 7290 a multiple of 81?
True
Does 2 divide 420?
True
Is 9 a factor of 6282?
True
Does 15 divide 1248?
False
Is 173 a factor of 46883?
True
Is 26826 a multiple of 34?
True
Is 145152 a multiple of 63?
True
Is 15 a factor of 7650?
True
Does 21 divide 27762?
True
Is 73564 a multiple of 46?
False
Is 3635 even?
False
Does 230 divide 83030?
True
Does 9 divide 234?
True
Is 2 a factor of 212?
True
Does 3 divide 2081?
False
Does 15 divide 458?
False
Does 9 divide 82?
False
Does 4 divide 531?
False
Is 81 a factor of 8424?
True
Does 120 divide 2812?
False
Is 2220 a multiple of 21?
False
Is 4199 a multiple of 21?
False
Does 83 divide 415?
True
Does 22 divide 3894?
True
Does 52 divide 31044?
True
Does 28 divide 126980?
True
Is 28 a factor of 19208?
True
Is 6 a factor of 1188?
True
Is 1514 a multiple of 11?
False
Does 14 divide 157?
False
Is 13 a factor of 13715?
True
Is 726 a multiple of 29?
False
Is 8651 a multiple of 37?
False
Is 435 a multiple of 15?
True
Does 47 divide 669?
False
Does 52 divide 35464?
True
Does 26 divide 182?
True
Is 49 a multiple of 2?
False
Does 57 divide 1767?
True
Is 158 a factor of 62568?
True
Is 2 a factor of 10623?
False
Is 50 a factor of 2950?
True
Is 4 a factor of 1894?
False
Does 41 divide 993?
False
Is 160 a factor of 52525?
False
Does 25 divide 5369?
False
Is 102 a multiple of 5?
False
Is 60 a factor of 5137?
False
Does 8 divide 78?
False
Is 45123 a multiple of 39?
True
Is 2781 a multiple of 9?
True
Is 2750 a multiple of 10?
True
Is 6508 a multiple of 85?
False
Is 17 a factor of 2040?
True
Does 7 divide 168?
True
Does 22 divide 968?
True
Does 71 divide 1420?
True
Is 941 a multiple of 129?
False
Is 5357 a multiple of 14?
False
Is 13 a factor of 455?
True
Is 1334 a multiple of 18?
False
Is 364 a multiple of 13?
True
Does 46 divide 17179?
False
Is 40 a factor of 51600?
True
Is 14 a factor of 4326?
True
Does 142 divide 14910?
True
Is 24 a factor of 24408?
True
Is 43 a factor of 273?
False
Does 16 divide 32293?
False
Does 20 divide 97044?
False
Does 7 divide 831?
False
Is 453 a multiple of 4?
False
Is 3 a factor of 60?
True
Is 12 a factor of 684?
True
Does 13 divide 595?
False
Is 1819 a multiple of 16?
False
Is 27 a factor of 537?
False
Is 11 a factor of 119?
False
Does 24 divide 26915?
False
Is 8840 a multiple of 170?
True
Is 96 a multiple of 25?
False
Is 10 a factor of 1430?
True
Does 67 divide 21717?
False
Is 3265 a multiple of 16?
False
Does 30 divide 3531?
False
Is 3317 a multiple of 17?
False
Does 30 divide 3622?
False
Does 5 divide 884?
False
Does 262 divide 21766?
False
Is 12 a factor of 207?
False
Does 10 divide 420?
True
Is 8073 a multiple of 207?
True
Does 7 divide 8603?
True
Does 74 divide 384?
False
Is 29 a factor of 8643?
False
Does 17 divide 5185?
True
Is 240 a multiple of 48?
True